he prime factors of 137347967?
73, 1881479
List the prime factors of 9671263.
7, 1381609
List the prime factors of 703587794.
2, 7, 13, 3865867
List the prime factors of 97692841.
4679, 20879
What are the prime factors of 199181535?
3, 5, 7, 47, 40361
List the prime factors of 7237352643.
3, 19, 126971099
List the prime factors of 66128044.
2, 283, 58417
What are the prime factors of 316372541?
113, 2799757
List the prime factors of 55047164.
2, 13761791
List the prime factors of 7073229152.
2, 11, 20094401
What are the prime factors of 2280736592?
2, 17, 19, 441319
What are the prime factors of 1005482333?
67, 71, 211369
List the prime factors of 294969593.
294969593
List the prime factors of 6508589.
6508589
What are the prime factors of 58143196?
2, 17, 457, 1871
List the prime factors of 107716395.
3, 5, 7181093
List the prime factors of 154927889.
29, 41, 229, 569
What are the prime factors of 8199874657?
13, 157, 631, 6367
What are the prime factors of 699458183?
17, 47, 875417
What are the prime factors of 29093699?
29, 389, 2579
List the prime factors of 904234845.
3, 5, 17, 3546019
What are the prime factors of 81820842?
2, 3, 31, 401, 1097
List the prime factors of 370628276.
2, 47, 1971427
List the prime factors of 15538584.
2, 3, 647441
List the prime factors of 5681641925.
5, 149, 1525273
List the prime factors of 5279606068.
2, 11, 47, 232091
List the prime factors of 6161331.
3, 11, 186707
List the prime factors of 2361909256.
2, 7, 157, 268643
What are the prime factors of 566644458?
2, 3, 8233, 11471
What are the prime factors of 240617683?
240617683
What are the prime factors of 654346134?
2, 3, 13, 932117
List the prime factors of 52620849.
3, 23, 254207
List the prime factors of 77355175.
5, 19, 162853
What are the prime factors of 27021891?
3, 13, 17, 53, 769
List the prime factors of 240513058.
2, 19, 6329291
List the prime factors of 110103582.
2, 3, 18350597
What are the prime factors of 9490676?
2, 13, 229, 797
List the prime factors of 91820291.
373, 246167
What are the prime factors of 3201538020?
2, 3, 5, 31, 1721257
What are the prime factors of 286895884?
2, 11, 1259, 5179
List the prime factors of 406716576.
2, 3, 7, 605233
List the prime factors of 414152511.
3, 89, 1551133
List the prime factors of 109250784.
2, 3, 379343
List the prime factors of 48706995.
3, 5, 3247133
What are the prime factors of 225857697?
3, 13, 887, 6529
List the prime factors of 36305461.
36305461
What are the prime factors of 102229486?
2, 281, 181903
What are the prime factors of 16200687?
3, 83, 65063
What are the prime factors of 41371455?
3, 5, 17, 19, 8539
List the prime factors of 2639768937.
3, 13, 587, 115309
What are the prime factors of 716386863?
3, 607, 393403
What are the prime factors of 329558979?
3, 2531, 43403
What are the prime factors of 337215063?
3, 101, 1112921
List the prime factors of 8127970551.
3, 903107839
List the prime factors of 462362172.
2, 3, 199, 193619
List the prime factors of 3138378745.
5, 627675749
What are the prime factors of 41793160?
2, 5, 19, 127, 433
List the prime factors of 4207471880.
2, 5, 23, 1471, 3109
List the prime factors of 1552165738.
2, 53, 14643073
What are the prime factors of 255694971?
3, 7, 12175951
List the prime factors of 18790468.
2, 19, 433, 571
List the prime factors of 107319982.
2, 7, 11, 63353
List the prime factors of 10980968.
2, 1372621
What are the prime factors of 4321705946?
2, 263, 419, 19609
List the prime factors of 1746052964.
2, 67, 107, 60889
What are the prime factors of 672977040?
2, 3, 5, 53, 191, 277
What are the prime factors of 3964965717?
3, 7561, 174799
What are the prime factors of 335976321?
3, 17, 607, 10853
What are the prime factors of 2026322593?
2026322593
List the prime factors of 45474328.
2, 73, 77867
List the prime factors of 3283739293.
3283739293
List the prime factors of 2030897274.
2, 3, 7, 3947, 12251
List the prime factors of 141320472.
2, 3, 53, 241, 461
List the prime factors of 1074862430.
2, 5, 107486243
List the prime factors of 478554006.
2, 3, 7, 31, 199, 1847
List the prime factors of 93704092.
2, 1901, 12323
List the prime factors of 2972380333.
13, 15121
What are the prime factors of 667815367?
667815367
What are the prime factors of 47657120?
2, 5, 7, 17, 2503
List the prime factors of 499647714.
2, 3, 17, 4898507
What are the prime factors of 2552223678?
2, 3, 19, 41, 546047
List the prime factors of 182691468.
2, 3, 1061, 4783
What are the prime factors of 1253952627?
3, 43, 191, 50893
What are the prime factors of 43978417?
7, 47, 133673
What are the prime factors of 363468230?
2, 5, 36346823
List the prime factors of 138083651.
23, 1423, 4219
What are the prime factors of 956819190?
2, 3, 5, 4049, 7877
List the prime factors of 89105691.
3, 29701897
What are the prime factors of 568303783?
568303783
What are the prime factors of 4082383934?
2, 79, 2447, 10559
List the prime factors of 670545526.
2, 7, 43, 1113863
List the prime factors of 739675816.
2, 11, 8405407
What are the prime factors of 2805260547?
3, 935086849
List the prime factors of 1387127185.
5, 157, 1767041
List the prime factors of 3679582223.
1597, 2304059
What are the prime factors of 568818155?
5, 1213, 93787
List the prime factors of 129496159.
13, 9961243
What are the prime factors of 195396767?
195396767
What are the prime factors of 135616949?
13, 47, 173, 1283
List the prime factors of 1026423063.
3, 79, 481211
List the prime factors of 152069477.
7, 31, 700781
What are the prime factors of 336318?
2, 3, 56053
List the prime factors of 119382202.
2, 37, 101, 15973
What are the prime factors of 1234848887?
1234848887
What are the prime factors of 62616457?
17, 19, 193859
What are the prime factors of 62532068?
2, 2549, 6133
List the prime factors of 102295959.
3, 107, 318679
List the prime factors of 1994807503.
13, 23, 6671597
List the prime factors of 4420994476.
2, 3709, 297991
What are the prime factors of 382926525?
3, 5, 311, 16417
List the prime factors of 53707230.
2, 3, 5, 263, 2269
What are the prime factors of 1082594064?
2, 3, 22554043
What are the prime factors of 28685248?
2, 448207
What are the prime factors of 58503698?
2, 11, 17, 19, 8233
List the prime factors of 30751030.
2, 5, 1423, 2161
List the prime factors of 228594223.
11, 13, 17, 94033
List the prime factors of 30273712.
2, 7, 137, 1973
What are the prime factors of 519206265?
3, 5, 17, 107, 6343
What are the prime factors of 255282793?
59, 4326827
What are the prime factors of 1432637616?
2, 3, 23, 199, 6521
What are the prime factors of 605533718?
2, 2797, 108247
List the prime factors of 219977827.
219977827
What are the prime factors of 602516909?
59, 10212151
List the prime factors of 106560856.
2, 1361, 9787
List the prime factors of 1508060531.
17, 88709443
What are the prime factors of 2607476329?
2607476329
List the prime factors of 503435529.
3, 43, 97, 13411
What are the prime factors of 130772283?
3, 47, 421, 2203
What are the prime factors of 4860426365?
5, 972085273
List the prime factors of 1835116972.
2, 13, 37, 431, 2213
List the prime factors of 15063745.
5, 179, 16831
What are the prime factors of 2154309167?
19, 29, 3909817
What are the prime factors of 419351213?
103, 4071371
List the prime factors of 300289989.
3, 17, 5888039
What are the prime factors of 382873132?
2, 631, 151693
List the prime factors of 1152755106.
2, 3, 683, 281297
What are the prime factors of 193431358?
2, 41, 2358919
List the prime factors of 671152614.
2, 3, 11, 10168979
List the prime factors of 151368210.
2, 3, 5, 7, 283
What are the prime factors of 51094185?
3, 5, 3406279
List the prime factors of 4368695361.
3, 2437, 597551
What are the prime factors of 11923300?
2, 5, 119233
What are the prime factors of 256798311?
3, 7, 11, 17, 65393
List the prime factors of 758254801.
37, 20493373
What are the prime factors of 361333154?
2, 7, 13, 21817
List the prime factors of 93728975.
5, 317, 11827
List the prime factors of 2013864956.
2, 53, 271, 35053
List the prime factors of 402685416.
2, 3, 7, 29, 27551
What are the prime factors of 1202359373?
1202359373
What are the prime factors of 592343751?
3, 1471, 134227
What are the prime factors of 222231688?
2, 7, 829, 478